 by 95.
87
Calculate the remainder when 1216051 is divided by 55273.
45
What is the remainder when 244349 is divided by 1273?
1206
What is the remainder when 47661597 is divided by 58266?
9
Calculate the remainder when 267705 is divided by 66917.
37
Calculate the remainder when 4781770 is divided by 4140.
70
Calculate the remainder when 1357451 is divided by 180.
71
What is the remainder when 5276522 is divided by 871?
4
What is the remainder when 19797 is divided by 400?
197
What is the remainder when 1398969 is divided by 349738?
17
What is the remainder when 101915207 is divided by 11881?
11870
Calculate the remainder when 115042 is divided by 28750.
42
What is the remainder when 17913018 is divided by 48153?
102
What is the remainder when 3379772 is divided by 59294?
14
Calculate the remainder when 9450 is divided by 4556.
338
What is the remainder when 84838409 is divided by 8103?
8102
What is the remainder when 3824241 is divided by 70816?
177
Calculate the remainder when 4104086 is divided by 714.
14
What is the remainder when 19504 is divided by 5802?
2098
What is the remainder when 54582 is divided by 3603?
537
Calculate the remainder when 256718245 is divided by 36674034.
7
Calculate the remainder when 1369893 is divided by 3203.
2212
Calculate the remainder when 190982 is divided by 160.
102
What is the remainder when 823052 is divided by 1817?
1768
Calculate the remainder when 26400 is divided by 629.
611
What is the remainder when 823557 is divided by 411?
324
What is the remainder when 53165867 is divided by 10633173?
2
Calculate the remainder when 20907 is divided by 3950.
1157
Calculate the remainder when 3324249 is divided by 205.
174
What is the remainder when 82519178 is divided by 19?
12
What is the remainder when 3497359 is divided by 515?
509
Calculate the remainder when 342910 is divided by 251.
44
What is the remainder when 2218330 is divided by 14?
2
Calculate the remainder when 428280 is divided by 454.
158
Calculate the remainder when 114000911 is divided by 2052.
2051
Calculate the remainder when 376252 is divided by 125410.
22
Calculate the remainder when 329998 is divided by 56.
46
What is the remainder when 44431 is divided by 11107?
3
What is the remainder when 274417 is divided by 67739?
3461
Calculate the remainder when 3606057 is divided by 60.
57
What is the remainder when 201958 is divided by 16829?
10
Calculate the remainder when 437583 is divided by 29147.
378
Calculate the remainder when 14639 is divided by 2543.
1924
What is the remainder when 57741 is divided by 9546?
465
Calculate the remainder when 72869 is divided by 36428.
13
Calculate the remainder when 19806 is divided by 3656.
1526
What is the remainder when 496994 is divided by 47?
16
Calculate the remainder when 182112 is divided by 182019.
93
What is the remainder when 405356 is divided by 405116?
240
What is the remainder when 1925299 is divided by 641728?
115
What is the remainder when 2312448 is divided by 3836?
3176
What is the remainder when 644116 is divided by 2800?
116
What is the remainder when 419639 is divided by 34935?
419
What is the remainder when 99846 is divided by 5872?
22
Calculate the remainder when 30045 is divided by 2145.
15
Calculate the remainder when 379989254 is divided by 2339.
2331
Calculate the remainder when 256838524 is divided by 25.
24
What is the remainder when 22295837 is divided by 45782?
3
What is the remainder when 529660 is divided by 176399?
463
Calculate the remainder when 470189 is divided by 242.
225
Calculate the remainder when 2821943 is divided by 8347.
657
Calculate the remainder when 1923521 is divided by 961719.
83
What is the remainder when 2170563 is divided by 21?
3
What is the remainder when 776925 is divided by 28?
9
Calculate the remainder when 298801 is divided by 1098.
145
Calculate the remainder when 19038 is divided by 19032.
6
Calculate the remainder when 12110503 is divided by 86.
69
Calculate the remainder when 122093 is divided by 24380.
193
What is the remainder when 60040 is divided by 2967?
700
Calculate the remainder when 2686286 is divided by 1006.
266
What is the remainder when 292557731 is divided by 13298078?
15
Calculate the remainder when 201500 is divided by 201337.
163
Calculate the remainder when 93621111 is divided by 8277.
8241
What is the remainder when 4960403 is divided by 90189?
8
Calculate the remainder when 4878086 is divided by 29.
25
Calculate the remainder when 76495 is divided by 2710.
615
Calculate the remainder when 376371484 is divided by 4445.
4444
What is the remainder when 10095 is divided by 221?
150
Calculate the remainder when 917030 is divided by 3642.
2888
What is the remainder when 74831 is divided by 74754?
77
What is the remainder when 68956 is divided by 22?
8
Calculate the remainder when 1786960 is divided by 31.
27
What is the remainder when 641010 is divided by 2428?
18
What is the remainder when 96760768 is divided by 115?
113
What is the remainder when 20866172 is divided by 2402?
2400
What is the remainder when 2947557 is divided by 361?
353
Calculate the remainder when 1115353708 is divided by 30.
28
Calculate the remainder when 38787 is divided by 38732.
55
Calculate the remainder when 420508 is divided by 84090.
58
What is the remainder when 235093582 is divided by 5456?
5454
What is the remainder when 11182 is divided by 2626?
678
What is the remainder when 2566349 is divided by 682?
665
What is the remainder when 34699 is divided by 8480?
779
Calculate the remainder when 152949149 is divided by 21.
17
What is the remainder when 1817948 is divided by 229?
146
What is the remainder when 1556014326 is divided by 171?
168
What is the remainder when 147284588 is divided by 1459?
1456
What is the remainder when 8347993 is divided by 927552?
25
Calculate the remainder when 1130359 is divided by 188390.
19
What is the remainder when 833128 is divided by 453?
61
Calculate the remainder when 11308058 is divided by 3819.
3818
What is the remainder when 2584996 is divided by 940?
936
What is the remainder when 3203344 is divided by 29660?
64
What is the remainder when 130427 is divided by 130071?
356
Calculate the remainder when 14408 is divided by 426.
350
What is the remainder when 187697 is divided by 1422?
1415
Calculate the remainder when 53730 is divided by 7559.
817
What is the remainder when 1771372 is divided by 22?
20
What is the remainder when 51020 is divided by 2?
0
Calculate the remainder when 242023 is divided by 150.
73
What is the remainder when 1567723 is divided by 783558?
607
What is the remainder when 8314427 is divided by 69869?
16
Calculate the remainder when 712929 is divided by 142533.
264
Calculate the remainder when 41916598 is divided by 3212.
3210
What is the remainder when 103766 is divided by 10137?
2396
Calculate the remainder when 208268072 is divided by 104134030.
12
What is the remainder when 136715 is divided by 16985?
835
Calculate the remainder when 26783207 is divided by 6167.
6093
What is the remainder when 1556499 is divided by 1192?
939
What is the remainder when 15934518 is divided by 201?
42
Calculate the remainder when 358495 is divided by 5949.
1555
Calculate the remainder when 76857 is divided by 10887.
648
Calculate the remainder when 27994 is divided by 696.
154
Calculate the remainder when 483152 is divided by 43.
4
What is the remainder when 530493 is divided by 6307?
705
What is the remainder when 377500 is divided by 4146?
214
Calculate the remainder when 1383051 is divided by 152.
3
Calculate the remainder when 207795 is divided by 1689.
48
What is the remainder when 200296082 is divided by 248815?
7
Calculate the remainder when 60832 is divided by 30388.
56
What is the remainder when 223811087 is divided by 69?
65
Calculate the remainder when 6793260 is divided by 721.
719
What is the remainder when 143619 is divided by 2411?
1370
Calculate the remainder when 18167030 is divided by 3811.
3804
What is the remainder when 395212 is divided by 1232?
972
What is the remainder when 2202291 is divided by 3377?
487
Calculate the remainder when 13953928 is divided by 4651309.
1
What is the remainder when 359384 is divided by 89577?
1076
Calculate the remainder when 216767 is divided by 43268.